{"id":63,"date":"2023-12-06T00:34:25","date_gmt":"2023-12-05T23:34:25","guid":{"rendered":"https:\/\/burgcoaching.de\/?page_id=63"},"modified":"2025-03-15T18:30:54","modified_gmt":"2025-03-15T17:30:54","slug":"hochsensibilitaet","status":"publish","type":"page","link":"https:\/\/www.burgcoaching.de\/?page_id=63","title":{"rendered":"Hochsensibilit\u00e4t"},"content":{"rendered":"<figure class=\"wp-block-image alignfull size-full\"><img loading=\"lazy\" decoding=\"async\" src=\"https:\/\/www.burgcoaching.de\/wp-content\/uploads\/2024\/12\/Hochsensibilitaet.jpg\" alt=\"\" width=\"1400\" height=\"732\" class=\"alignnone size-full wp-image-338\" srcset=\"https:\/\/www.burgcoaching.de\/wp-content\/uploads\/2024\/12\/Hochsensibilitaet.jpg 1400w, https:\/\/www.burgcoaching.de\/wp-content\/uploads\/2024\/12\/Hochsensibilitaet-300x157.jpg 300w, https:\/\/www.burgcoaching.de\/wp-content\/uploads\/2024\/12\/Hochsensibilitaet-1024x535.jpg 1024w, https:\/\/www.burgcoaching.de\/wp-content\/uploads\/2024\/12\/Hochsensibilitaet-768x402.jpg 768w\" sizes=\"auto, (max-width: 1400px) 100vw, 1400px\" \/><\/figure>\n<h1>Hochsensibilit\u00e4t<\/h1>\n<p class=\"burg\">Sch\u00f6n, dass du den ersten Schritt gemacht hast, um deine Hochsensibilit\u00e4t besser zu verstehen und sie positiv in dein Leben zu integrieren. Hochsensibilit\u00e4t ist eine einzigartige Gabe, die es erm\u00f6glicht, die Welt gehaltvoller wahrzunehmen und Empfindungen intensiver zu erleben. Es kann jedoch auch eine Herausforderung sein, mit den \u00fcberw\u00e4ltigenden Eindr\u00fccken, Emotionen und Reizen umzugehen, die damit einhergehen k\u00f6nnen.<\/p>\n<p>In unserem Coaching m\u00f6chte ich dir helfen, deine Hochsensibilit\u00e4t als St\u00e4rke zu erkennen und zu nutzen. Wir werden gemeinsam an deinen individuellen Bed\u00fcrfnissen arbeiten und dir Strategien und Werkzeuge an die Hand geben, um deine Empfindsamkeit zu sch\u00e4tzen und sie in verschiedenen Lebensbereichen positiv einzusetzen.<\/p>\n<h2>Chancen der Hochsensibilit\u00e4t<\/h2>\n<p>Dabei gehe ich auf unterschiedliche Themen ein, wie beispielsweise den Umgang mit Stress, die Entwicklung von Selbstf\u00fcrsorge und die St\u00e4rkung deines Selbstbewusstseins als hochsensibler Mensch. Unsere Coaching-Sitzungen sind darauf ausgerichtet, die Herausforderungen, aber auch die Chancen, die deine Hochsensibilit\u00e4t mit sich bringt, besser zu verstehen und zu nutzen.<\/p>\n<p>Unser gemeinsames Ziel wird sein, dass du dich in deiner Haut wohl f\u00fchlst und deine hochsensible Natur als wunderbare Eigenschaft akzeptierst. Gerne m\u00f6chte ich dir dabei helfen, dein volles Potenzial zu entfalten und ein erf\u00fclltes und authentisches Leben zu f\u00fchren, in dem du deine Einzigartigkeit sch\u00e4tzt.<\/p>\n<p>Ich begr\u00fc\u00dfe dich und freue mich darauf, dich auf deinen Weg zu begleiten. Gemeinsam werden wir neue Erkenntnisse gewinnen, wertvolle Ver\u00e4nderungen herbeif\u00fchren und deine Hochsensibilit\u00e4t als wertvolles Gut betrachten. Dein Coaching kann in meinen R\u00e4umen oder auch in der Natur stattfinden.<\/p>\n<p>Es ist mir eine Freude, daran teilzunehmen, deine Wege zu begleiten und dir dabei zu helfen, deine Hochsensibilit\u00e4t als ein Geschenk und einen Segen zu betrachten.<\/p>\n<p>Willkommen im Coaching f\u00fcr Hochsensibilit\u00e4t!<\/p>\n","protected":false},"excerpt":{"rendered":"<p>Hochsensibilit\u00e4t Sch\u00f6n, dass du den ersten Schritt gemacht hast, um deine Hochsensibilit\u00e4t besser zu verstehen und sie positiv in dein Leben zu integrieren. Hochsensibilit\u00e4t ist&hellip;<\/p>\n","protected":false},"author":1,"featured_media":0,"parent":0,"menu_order":0,"comment_status":"closed","ping_status":"closed","template":"templates\/template-full-width.php","meta":{"footnotes":""},"class_list":["post-63","page","type-page","status-publish","hentry"],"_links":{"self":[{"href":"https:\/\/www.burgcoaching.de\/index.php?rest_route=\/wp\/v2\/pages\/63","targetHints":{"allow":["GET"]}}],"collection":[{"href":"https:\/\/www.burgcoaching.de\/index.php?rest_route=\/wp\/v2\/pages"}],"about":[{"href":"https:\/\/www.burgcoaching.de\/index.php?rest_route=\/wp\/v2\/types\/page"}],"author":[{"embeddable":true,"href":"https:\/\/www.burgcoaching.de\/index.php?rest_route=\/wp\/v2\/users\/1"}],"replies":[{"embeddable":true,"href":"https:\/\/www.burgcoaching.de\/index.php?rest_route=%2Fwp%2Fv2%2Fcomments&post=63"}],"version-history":[{"count":17,"href":"https:\/\/www.burgcoaching.de\/index.php?rest_route=\/wp\/v2\/pages\/63\/revisions"}],"predecessor-version":[{"id":321,"href":"https:\/\/www.burgcoaching.de\/index.php?rest_route=\/wp\/v2\/pages\/63\/revisions\/321"}],"wp:attachment":[{"href":"https:\/\/www.burgcoaching.de\/index.php?rest_route=%2Fwp%2Fv2%2Fmedia&parent=63"}],"curies":[{"name":"wp","href":"https:\/\/api.w.org\/{rel}","templated":true}]}}